9 and 307662.
141
Calculate the highest common divisor of 714 and 366823450.
238
What is the highest common divisor of 615330833 and 1417?
1417
Calculate the greatest common factor of 5592378 and 4983.
33
Calculate the highest common divisor of 144155330 and 37.
37
Calculate the highest common divisor of 286092 and 5184.
324
Calculate the highest common divisor of 67936 and 4795857.
2123
What is the highest common factor of 162757 and 1547?
7
Calculate the highest common factor of 20849303 and 125088.
1303
Calculate the greatest common factor of 16044 and 18588311.
1337
What is the greatest common factor of 439545 and 395?
5
Calculate the greatest common divisor of 237889698 and 1422.
474
Calculate the highest common divisor of 23663592 and 90.
18
What is the greatest common divisor of 2152 and 48271512?
2152
Calculate the highest common divisor of 1914 and 106982508.
174
Calculate the greatest common divisor of 339494 and 3877738.
1706
What is the highest common divisor of 8412342 and 1739?
47
Calculate the highest common factor of 1232957 and 8.
1
Calculate the greatest common factor of 35814 and 2292858.
762
What is the greatest common factor of 13857 and 51746657?
4619
Calculate the highest common divisor of 39889811 and 74.
37
What is the highest common divisor of 1179 and 5700?
3
Calculate the highest common divisor of 13737822 and 15834.
1218
Calculate the greatest common factor of 446600 and 181940.
220
Calculate the greatest common divisor of 46107538 and 721.
103
Calculate the highest common factor of 242185818 and 798.
798
Calculate the highest common divisor of 9299289 and 11220.
51
What is the greatest common divisor of 45 and 400533480?
45
What is the greatest common divisor of 4018 and 1577702?
98
What is the greatest common divisor of 54 and 206774?
2
What is the highest common divisor of 17518 and 1325836?
922
What is the greatest common divisor of 24 and 864260412?
12
Calculate the greatest common factor of 28851491 and 1537.
29
Calculate the greatest common divisor of 259 and 1026084.
37
What is the highest common factor of 46938195 and 282?
141
Calculate the highest common factor of 109018 and 83200.
26
Calculate the highest common divisor of 118660 and 199070.
170
What is the highest common divisor of 6576 and 279024?
48
What is the highest common divisor of 117 and 74036352?
39
What is the highest common divisor of 343548 and 76248?
108
What is the highest common factor of 39 and 3497130?
39
Calculate the highest common divisor of 3416 and 680876.
28
Calculate the greatest common divisor of 3914680 and 134540.
4340
Calculate the greatest common factor of 606195 and 17670.
285
Calculate the greatest common divisor of 59552252 and 12.
4
What is the highest common factor of 199529 and 59653?
2057
Calculate the highest common factor of 238526 and 38342.
38
Calculate the greatest common divisor of 62 and 56957137.
31
What is the greatest common divisor of 135679 and 10887?
19
What is the highest common factor of 843 and 754266?
3
Calculate the highest common divisor of 1284660 and 21708.
324
What is the highest common divisor of 478698 and 23562?
66
Calculate the greatest common divisor of 1080 and 20873652.
12
What is the highest common divisor of 668980 and 1365?
65
Calculate the greatest common factor of 90 and 12935898.
18
What is the greatest common divisor of 14994594 and 36?
18
What is the highest common divisor of 244 and 19844?
4
Calculate the greatest common divisor of 120 and 18575880.
120
What is the greatest common factor of 7324210 and 8515?
655
What is the highest common divisor of 27 and 24956721?
27
What is the greatest common divisor of 2439348 and 552?
12
What is the greatest common divisor of 2142363 and 5715?
381
What is the greatest common divisor of 225998518 and 1172?
586
Calculate the greatest common divisor of 82532 and 8836.
188
Calculate the greatest common factor of 55279353 and 1929.
1929
What is the greatest common divisor of 71597135 and 1705?
155
What is the greatest common divisor of 10683 and 87340647?
3561
Calculate the greatest common factor of 25968 and 31639844.
2164
Calculate the greatest common factor of 6124 and 307277824.
6124
What is the highest common factor of 60648 and 3100458?
114
Calculate the greatest common factor of 352 and 47783714.
22
Calculate the highest common divisor of 200123 and 120571.
1243
What is the highest common factor of 6336 and 370408?
8
What is the greatest common divisor of 5105 and 3339425540?
5105
Calculate the greatest common factor of 310446 and 23598.
54
Calculate the greatest common factor of 8749425 and 34400.
1075
Calculate the greatest common divisor of 1732573 and 1772.
443
Calculate the highest common factor of 14700 and 24925.
25
What is the highest common divisor of 131604392 and 3288?
1096
Calculate the greatest common factor of 4 and 14125838.
2
What is the greatest common divisor of 244544 and 744?
8
What is the greatest common divisor of 226 and 342973984?
226
Calculate the highest common divisor of 634459397 and 2431.
2431
What is the highest common divisor of 9436888 and 3280?
328
Calculate the highest common divisor of 3425923 and 1858277.
8807
Calculate the greatest common divisor of 4041643 and 232.
29
Calculate the greatest common factor of 306 and 317616678.
306
What is the greatest common factor of 493710 and 2730?
210
Calculate the greatest common factor of 4965 and 514650.
15
What is the highest common factor of 33392 and 15120?
16
Calculate the greatest common factor of 26873 and 279662425.
2443
Calculate the highest common factor of 12401452 and 4256.
532
What is the greatest common factor of 63128 and 3906652?
2428
What is the greatest common factor of 7918 and 3691934?
74
Calculate the highest common divisor of 19225 and 5074631.
769
What is the greatest common divisor of 182 and 372358?
14
What is the highest common factor of 48 and 6186288?
48
What is the highest common factor of 391 and 56712595?
391
What is the highest common factor of 3 and 12592029?
3
What is the highest common factor of 64709840 and 130?
130
Calculate the greatest common divisor of 5066 and 250556761.
2533
Calculate the greatest common factor of 4573996 and 1.
1
Calculate the highest common factor of 16420141 and 15.
1
Calculate the greatest common divisor of 706 and 8994.
2
Calculate the highest common divisor of 2270 and 34666532.
454
Calculate the highest common factor of 674985 and 2482.
17
Calculate the greatest common divisor of 88 and 31481648.
88
Calculate the greatest common divisor of 338349030 and 40.
10
What is the greatest common factor of 3117103 and 10285?
187
Calculate the greatest common factor of 24412 and 2129588.
1436
What is the highest common divisor of 13766738 and 2220?
74
Calculate the highest common divisor of 59325000 and 11250.
3750
What is the greatest common factor of 3288448 and 1472?
1472
What is the greatest common divisor of 106149301 and 5618?
2809
What is the highest common factor of 16428 and 55389?
111
Calculate the greatest common factor of 3093541 and 7689.
2563
What is the highest common factor of 396126 and 15222?
354
What is the greatest common factor of 2277 and 7017703?
11
Calculate the highest common divisor of 7506733 and 26.
13
Calculate the greatest common divisor of 168 and 217016.
8
Calculate the greatest common factor of 11713310 and 210.
70
What is the greatest common divisor of 5215 and 14251265?
35
Calculate the greatest common factor of 19082 and 551418006.
2726
Calculate the highest common divisor of 30529395 and 1035.
1035
Calculate the highest common divisor of 480813061 and 218.
109
What is the greatest common factor of 796 and 73303242?
398
What is the highest common divisor of 1621605955 and 2615?
2615
What is the highest common divisor of 198 and 14198778?
198
What is the highest common factor of 1001282 and 1656?
46
What is the greatest common factor of 38563 and 5831?
49
What is the greatest common factor of 375 and 247920?
15
Calculate the highest common factor of 230382317 and 17.
17
What is the greatest common factor of 386271426 and 1446?
1446
Calculate the greatest common divisor of 2557165 and 195.
65
Calculate the highest common divisor of 470518 and 9486.
62
What is the greate